{"id":34,"date":"2008-10-26T11:04:43","date_gmt":"2008-10-26T09:04:43","guid":{"rendered":"http:\/\/kg-neuenhof.de\/home\/?page_id=34"},"modified":"2022-10-25T21:03:47","modified_gmt":"2022-10-25T20:03:47","slug":"formulare-download","status":"publish","type":"page","link":"https:\/\/www.kg-neuenhof.de\/?page_id=34","title":{"rendered":"Formulare \/ Download"},"content":{"rendered":"<hr>\n<p><span style=\"color: #ff0000;\"><strong><span style=\"color: #ff0000;\"><a href=\"http:\/\/www.kg-neuenhof.de\/wp-content\/uploads\/MitgliedsantragKGN_V2016.doc\" target=\"_blank\" rel=\"noopener\">Beitrittserkl\u00e4rung<\/a><\/span><\/strong><\/span><a href=\"http:\/\/kg-neuenhof.de\/Documents\/ANMELD.PDF\" target=\"_blank\" rel=\"noopener\"><br \/>\n<\/a>Wenn Sie der KG Neuenhof als aktives oder passives Mitglied beitreten m\u00f6chten, k\u00f6nnen Sie sich hier die Beitrittserkl\u00e4rung herunterladen.<\/p>\n<hr>\n<p>Antrag auf monet\u00e4re Unterst\u00fctzung<br \/>\nDownload Formular im Format <a href=\"http:\/\/www.kg-neuenhof.de\/wp-content\/uploads\/2008\/10\/Antrag-auf-monetaere-Unterst\u00fctzung.xlsx.pdf\" target=\"_blank\" rel=\"noopener\"><strong>PDF<\/strong>&nbsp;<\/a>oder&nbsp;<strong><a href=\"http:\/\/www.kg-neuenhof.de\/wp-content\/uploads\/2008\/10\/Antrag-auf-monet\u00e4re-Unterst\u00fctzung.xlsx\" target=\"_blank\" rel=\"noopener\">Excel<\/a><\/strong><\/p>\n<hr>\n<p>&nbsp;<\/p>\n<p><a href=\"http:\/\/www.kg-neuenhof.de\/wp-content\/uploads\/FAX-Antwort-Fragebogen-Galaabend-2017.doc\">FAX Antwort Fragebogen Galaabend 2017<\/a>&nbsp;(DOC)<\/p>\n<p><a href=\"http:\/\/www.kg-neuenhof.de\/wp-content\/uploads\/FAX-Antwort-Fragebogen-Galaabend-2017.pdf\">FAX Antwort Fragebogen Galaabend 2017<\/a>&nbsp;(PDF)<\/p>\n","protected":false},"excerpt":{"rendered":"<p>Beitrittserkl\u00e4rung Wenn Sie der KG Neuenhof als aktives oder passives Mitglied beitreten m\u00f6chten, k\u00f6nnen Sie sich hier die Beitrittserkl\u00e4rung herunterladen. Antrag auf monet\u00e4re Unterst\u00fctzung Download Formular im Format PDF&nbsp;oder&nbsp;Excel &nbsp; FAX Antwort Fragebogen Galaabend 2017&nbsp;(DOC) FAX Antwort Fragebogen Galaabend 2017&nbsp;(PDF)<\/p>\n","protected":false},"author":1,"featured_media":0,"parent":0,"menu_order":80,"comment_status":"closed","ping_status":"open","template":"","meta":{"footnotes":""},"class_list":["post-34","page","type-page","status-publish","hentry"],"_links":{"self":[{"href":"https:\/\/www.kg-neuenhof.de\/index.php?rest_route=\/wp\/v2\/pages\/34","targetHints":{"allow":["GET"]}}],"collection":[{"href":"https:\/\/www.kg-neuenhof.de\/index.php?rest_route=\/wp\/v2\/pages"}],"about":[{"href":"https:\/\/www.kg-neuenhof.de\/index.php?rest_route=\/wp\/v2\/types\/page"}],"author":[{"embeddable":true,"href":"https:\/\/www.kg-neuenhof.de\/index.php?rest_route=\/wp\/v2\/users\/1"}],"replies":[{"embeddable":true,"href":"https:\/\/www.kg-neuenhof.de\/index.php?rest_route=%2Fwp%2Fv2%2Fcomments&post=34"}],"version-history":[{"count":19,"href":"https:\/\/www.kg-neuenhof.de\/index.php?rest_route=\/wp\/v2\/pages\/34\/revisions"}],"predecessor-version":[{"id":1598,"href":"https:\/\/www.kg-neuenhof.de\/index.php?rest_route=\/wp\/v2\/pages\/34\/revisions\/1598"}],"wp:attachment":[{"href":"https:\/\/www.kg-neuenhof.de\/index.php?rest_route=%2Fwp%2Fv2%2Fmedia&parent=34"}],"curies":[{"name":"wp","href":"https:\/\/api.w.org\/{rel}","templated":true}]}}