{"id":3,"date":"2008-10-24T15:19:15","date_gmt":"2008-10-24T14:19:15","guid":{"rendered":"http:\/\/kg-neuenhof.de\/home\/?page_id=3"},"modified":"2025-08-13T16:09:55","modified_gmt":"2025-08-13T15:09:55","slug":"der-vorstand","status":"publish","type":"page","link":"https:\/\/www.kg-neuenhof.de\/?page_id=3","title":{"rendered":"Der Vorstand"},"content":{"rendered":"<p style=\"font-weight: 400;\"><strong><u>Der gesch\u00e4ftsf\u00fchrende Vorstand der KG Neuenhof<\/u><\/strong><\/p>\n<p style=\"text-align: left;\">Pr\u00e4sident: Martin Ziegert\u2013 <a href=\"mailto:praesident@kg-neuenhof.de\">praesident@kg-neuenhof.de<\/a><\/p>\n<p>Vizepr\u00e4sident: Werner Sonntag<\/p>\n<p>Gesch\u00e4ftsf\u00fchrerin: Sarah Sinzig, 0155\/61262751 &#8211; <a href=\"mailto:Geschaeftsfuehrer@kg-neuenhof.de\">Geschaeftsfuehrer@kg-neuenhof.de<\/a><\/p>\n<p>Schatzmeister: Thorsten Sinzig 0171\/1700897 \u2013 <a href=\"mailto:schatzmeister@kg-neuenhof.de\">schatzmeister@kg-neuenhof.de<\/a><\/p>\n<p><strong>Erweiterter Vorstand<\/strong><\/p>\n<p><span data-darkreader-inline-color=\"\">Kassenwart: Sandra Eigemeier<\/span><\/p>\n<p><span data-darkreader-inline-color=\"\">Schriftf\u00fchrer: Josefina Schweigmann<\/span><\/p>\n<p><span data-darkreader-inline-color=\"\">Gardebeauftragte: Miriam Sinzig<\/span><\/p>\n<p><strong>Elferratsmitglieder<\/strong><\/p>\n<p><span data-darkreader-inline-color=\"\">Christian Boldt<\/span><\/p>\n<p><span data-darkreader-inline-color=\"\">Jenny Boldt<\/span><\/p>\n<p><span data-darkreader-inline-color=\"\">Simone Schweigmann<\/span><\/p>\n<p><span data-darkreader-inline-color=\"\">Sebastian Schweigmann<\/span><\/p>\n<p><strong>Beirat<\/strong><\/p>\n<p><span data-darkreader-inline-color=\"\">Uwe Fischer<\/span><\/p>\n<p>&nbsp;<\/p>\n<p><a href=\"mailto:info@kg-neuenhof.de\">info@kg-neuenhof.de<\/a><\/p>\n<p><a href=\"mailto:kontakt@kg-neuenhof.de\">kontakt@kg-neuenhof.de<\/a><\/p>\n","protected":false},"excerpt":{"rendered":"<p>Der gesch\u00e4ftsf\u00fchrende Vorstand der KG Neuenhof Pr\u00e4sident: Martin Ziegert\u2013 praesident@kg-neuenhof.de Vizepr\u00e4sident: Werner Sonntag Gesch\u00e4ftsf\u00fchrerin: Sarah Sinzig, 0155\/61262751 &#8211; Geschaeftsfuehrer@kg-neuenhof.de Schatzmeister: Thorsten Sinzig 0171\/1700897 \u2013 schatzmeister@kg-neuenhof.de Erweiterter Vorstand Kassenwart: Sandra Eigemeier Schriftf\u00fchrer: Josefina Schweigmann Gardebeauftragte: Miriam Sinzig Elferratsmitglieder Christian Boldt Jenny&#8230; <a class=\"read-more-button\" href=\"https:\/\/www.kg-neuenhof.de\/?page_id=3\">(MEHR LESEN)<\/a><\/p>\n","protected":false},"author":1,"featured_media":0,"parent":0,"menu_order":10,"comment_status":"closed","ping_status":"open","template":"","meta":{"footnotes":""},"class_list":["post-3","page","type-page","status-publish","hentry"],"_links":{"self":[{"href":"https:\/\/www.kg-neuenhof.de\/index.php?rest_route=\/wp\/v2\/pages\/3","targetHints":{"allow":["GET"]}}],"collection":[{"href":"https:\/\/www.kg-neuenhof.de\/index.php?rest_route=\/wp\/v2\/pages"}],"about":[{"href":"https:\/\/www.kg-neuenhof.de\/index.php?rest_route=\/wp\/v2\/types\/page"}],"author":[{"embeddable":true,"href":"https:\/\/www.kg-neuenhof.de\/index.php?rest_route=\/wp\/v2\/users\/1"}],"replies":[{"embeddable":true,"href":"https:\/\/www.kg-neuenhof.de\/index.php?rest_route=%2Fwp%2Fv2%2Fcomments&post=3"}],"version-history":[{"count":41,"href":"https:\/\/www.kg-neuenhof.de\/index.php?rest_route=\/wp\/v2\/pages\/3\/revisions"}],"predecessor-version":[{"id":1908,"href":"https:\/\/www.kg-neuenhof.de\/index.php?rest_route=\/wp\/v2\/pages\/3\/revisions\/1908"}],"wp:attachment":[{"href":"https:\/\/www.kg-neuenhof.de\/index.php?rest_route=%2Fwp%2Fv2%2Fmedia&parent=3"}],"curies":[{"name":"wp","href":"https:\/\/api.w.org\/{rel}","templated":true}]}}